*w + 3*h - 4, 4*h - 12 = 0. Let c = 4 - w. Suppose c*o + 720 = 7*o. What is the greatest common factor of o and 18?
18
Let k = -28 - -50. Suppose 4*o + t - 172 = 0, -o + 0*o = -t - 43. Let m = o + 12. Calculate the highest common divisor of k and m.
11
Let a be (-3)/(-2) - (-10)/((-140)/(-819)). Calculate the greatest common divisor of 30 and a.
30
Suppose 0 = 2*h - 6, 0*h + h = 5*o + 23. Let x(t) = -t**3 - 3*t**2 - t + 5. Let v be x(o). Suppose l - v = 15. What is the greatest common divisor of 10 and l?
10
Suppose k + 180 = 7*k. Calculate the highest common divisor of k and 5.
5
Let y be 136/10 - 2/(-5). Let j = y - 9. Suppose -j*b = -10 - 5. Calculate the highest common factor of b and 9.
3
Let v be 3 - 2 - (1 - 1). Let s = 5 + v. Let y(f) = -6*f - 6. Let c be y(-6). Calculate the highest common divisor of s and c.
6
Let j be (-3)/12 - (-226)/8. Let x = -5 - -11. Let k = 13 - x. Calculate the greatest common factor of j and k.
7
Let z = 9 - 14. Let l be -2 - (z - (-4 - -1)). Suppose 3*x + 0*x - 180 = l. What is the greatest common divisor of x and 12?
12
Let m be 12/60 - (-244)/5. What is the highest common divisor of m and 28?
7
Let x = -39 + 65. What is the highest common divisor of x and 13?
13
Let k(h) = h**3 - 7*h + 2. Let d be k(3). What is the highest common factor of d and 48?
8
Suppose 0 = -t + 3*z + 20, 5*t - 3*z - 30 = -2*z. Suppose 1 = y - t. Let h(x) = 4*x - 4. Let q be h(10). What is the highest common factor of q and y?
6
Let k = 76 - 34. What is the highest common factor of k and 18?
6
Suppose -7 - 4 = -c. Let l = 282 + -161. What is the greatest common factor of l and c?
11
Let d(t) = 53*t**2 + t + 2. Let z be d(-1). Calculate the greatest common factor of 18 and z.
18
Suppose 3*f - 101 = 64. Let w(v) = -4*v - 4*v - 4*v**2 - 4 + 3*v**2. Let b be w(-5). Calculate the greatest common factor of f and b.
11
Suppose -180 = -4*d - 0*d. Let s(c) = c**2 + c - 5. Let u be s(8). Let m = u + d. Calculate the greatest common divisor of m and 16.
16
Let d be (-14)/21 + (-8)/(-3). Calculate the greatest common factor of 6 and d.
2
Suppose -5*z = -5*h + 20, -z = -5*h - 5*z + 56. Suppose 5*g - 7 = l + 3*g, -9 = -5*l - g. Calculate the greatest common divisor of l and h.
1
Let c be 5/((-21)/6 - -4). What is the greatest common factor of 90 and c?
10
Let r(n) = 4*n**2 - 1. Let d be r(1). Suppose 0 = -2*f - 0*h - d*h + 173, -2*f + 167 = 5*h. What is the highest common factor of f and 13?
13
Suppose 4*a - 5 + 22 = -5*x, -a = -2*x - 12. Calculate the highest common divisor of a and 8.
2
Suppose -3*h - 5*z = -25, -6 = 3*h - 3*z + 9. Let v = h + 2. Suppose -5*f + v = -3*f. What is the highest common factor of f and 5?
1
Suppose -4*c = -11 + 3. What is the greatest common divisor of 1 and c?
1
Suppose 3*y = -y + 20. What is the highest common divisor of y and 35?
5
Let n = 6 - 4. Let a = 4 - n. Calculate the highest common factor of a and 10.
2
Suppose -2 = d - 54. Calculate the highest common factor of d and 39.
13
Let h be (0 - 2 - 1)*-2. Calculate the highest common factor of 18 and h.
6
Let k(j) = 13*j**2 - 2*j + 3. Let o be k(-4). Suppose -o = -4*m - 23. Let v be 7*(3/(-1) - -4). What is the greatest common factor of m and v?
7
Let q be 8/(4 - (-28)/(-8)). What is the greatest common factor of 144 and q?
16
Let w(r) be the first derivative of -r**4/4 + 7*r**3/3 + 11*r**2/2 + r - 2. Let g be w(8). What is the highest common factor of g and 5?
5
Suppose 2*b = 4*j + 56, 3*j + 31 = b + 2*j. Let o = b + -12. Let v(x) = -2*x - 8. Let n be v(-5). Calculate the highest common factor of n and o.
2
Let g be (-3 - (-5)/2)*0. Suppose g = -4*b - 0*b + 12. Calculate the highest common divisor of 27 and b.
3
Suppose 5*o + 4*o - 1134 = 0. What is the greatest common divisor of 14 and o?
14
Let t be 4 - 428/(-24) - 2/(-12). What is the highest common divisor of t and 44?
22
Let i be (-1)/(-6) - (-3)/(-18). Suppose -2*w + 9 + 7 = i. Calculate the highest common divisor of 4 and w.
4
Let t = -127 - -142. What is the highest common divisor of 10 and t?
5
Let p = -14 - -17. What is the greatest common factor of p and 12?
3
Let y be (-2)/3 + 132/9. Calculate the greatest common factor of y and 14.
14
Suppose -5*l + 2*l = -57. Let s = l + -4. Calculate the greatest common divisor of s and 10.
5
Suppose m = 24 - 9. Suppose -3*x - 19 = -o + 2, 0 = -4*o - 3*x + 129. Calculate the greatest common divisor of o and m.
15
Suppose -20 = -2*y - 3*i, 2*y = 5*y + i - 44. Suppose -y = -j - 4. Calculate the highest common divisor of j and 4.
4
Let n(g) = 40*g**2. Let d be n(2). Calculate the highest common divisor of d and 20.
20
Suppose -6*g + 7*g = 18. Calculate the greatest common factor of 12 and g.
6
Let c be 2/2 + -23 - -1. Let u = c - -32. Calculate the greatest common divisor of 11 and u.
11
Suppose -f + 90 = 4*f. Calculate the greatest common factor of 9 and f.
9
Suppose -11*k + k = -360. Calculate the highest common factor of 108 and k.
36
Suppose 5*d + 4*v - 31 + 6 = 0, 0 = -d - 5*v - 16. Let f = 29 - d. What is the greatest common divisor of f and 180?
20
Let p = 8 - 6. Let d = 6 - p. Let q(w) = -2*w + 4. Let g be q(-4). Calculate the highest common divisor of g and d.
4
Suppose q = -2*p + 14, 0 = 5*p - p + 4. Let i be 106/9 - q/(-72). What is the greatest common divisor of 132 and i?
12
Let o = 33 - 20. Calculate the highest common divisor of 39 and o.
13
Suppose -3*v + 0*v = 3*a - 21, 0 = -3*v + 4*a - 14. Let b be ((-42)/(-10))/(v/10). What is the greatest common divisor of b and 84?
21
Suppose -i = q - 5*i - 11, -5*q - 13 = -3*i. Let a = -2 - q. Suppose -7 - a = -2*h. What is the greatest common divisor of 10 and h?
5
Let j(f) be the first derivative of 3*f**2/2 - 3*f + 2. Let x be j(2). Calculate the highest common divisor of 12 and x.
3
Let c(d) be the third derivative of -d**5/60 + 3*d**4/4 - 5*d**3/6 + 8*d**2. Let w be c(16). Calculate the greatest common divisor of 108 and w.
27
Let g be (-7)/(-35) + 179/5. What is the greatest common factor of 60 and g?
12
Let a(t) = -t**3 + 8*t**2 - 8*t - 7. Let x be a(7). Let v be 0 + 2 - (x - 2). Calculate the greatest common factor of 162 and v.
18
Suppose -18 - 18 = -4*m. Calculate the greatest common factor of 9 and m.
9
Let b = 0 + 5. What is the highest common divisor of b and 1?
1
Let q(j) = j**2 + 7*j + 2. Let m be q(-7). Suppose 0 = m*l - 126 + 14. Let u = 19 - 11. What is the greatest common factor of l and u?
8
Let z(r) = -r - 1. Let k be z(-5). Suppose -2*c - l = c - 18, 31 = k*c - l. Suppose -c*t + 770 = -2*t. Calculate the greatest common divisor of t and 14.
14
Let d be ((-8)/20)/((-2)/(-30)). Let j(n) = -n - 2. Let r be j(d). Suppose 9*v - 4*v = 0, -r*v = -4*s + 36. What is the greatest common factor of s and 9?
9
Let a be 2/(-5) - 36/10. Let o be 110*((-14)/a - 3). Calculate the greatest common factor of o and 22.
11
Suppose -w + 8 = -2*m, -m = 4*w - 0*m - 50. What is the highest common divisor of w and 6?
6
Let l be (11 - 7)/(6/99). Let i(m) = m + 38. Let t be i(0). Suppose 4*o - t + 14 = 0. Calculate the highest common factor of l and o.
6
Suppose 0 = -3*p - 0*p + 84. Calculate the greatest common divisor of 252 and p.
28
Let h = -55 - -77. What is the greatest common factor of h and 11?
11
Let q be (-8)/(-1) - (-9)/3. Suppose t - q = 7. Calculate the greatest common factor of t and 9.
9
Suppose -6*b = 2*b - 16. What is the highest common divisor of b and 1?
1
Suppose 0 = 4*b - 5*t + 42, 0*b - 2*b + 4*t = 18. Let m be -1 - (1 + 0)*b. What is the highest common factor of m and 108?
12
Let r = 11 + 14. What is the highest common factor of r and 125?
25
Let g = 1 - 2. Let f be g*(1 + -3) + 38. Calculate the highest common divisor of 16 and f.
8
Let d(o) = o**2 + 7*o + 2. Let m be d(-7). Calculate the highest common divisor of 10 and m.
2
Let y = 17 - 5. Suppose -60 = -2*z - 3*s, -3*z - 46 + 136 = s. What is the highest common factor of z and y?
6
Let t = 5 + -2. Suppose -7*m = -t*m. Suppose m = -4*v + 6*v - 8. What is the greatest common divisor of 16 and v?
4
Let q(k) = -5*k + 56. Let z be q(10). Calculate the highest common factor of 15 and z.
3
Suppose 0 = r - 22 + 2. Suppose 2*d = -4*b + r, 2*b + 0*b = 2. Let c(x) = -5*x - 6. Let g be c(-6). Calculate the highest common factor of g and d.
8
Suppos